{"id":28,"date":"2022-08-24T13:42:58","date_gmt":"2022-08-24T13:42:58","guid":{"rendered":"https:\/\/www.sitinskybeh.sk\/?page_id=28"},"modified":"2023-01-25T09:09:39","modified_gmt":"2023-01-25T09:09:39","slug":"home","status":"publish","type":"page","link":"https:\/\/www.sitinskybeh.sk\/","title":{"rendered":"Koruna Sitinsk\u00e9ho lesa"},"content":{"rendered":"\n<p>Dlhodobo v tieni \u017deleznej studni\u010dky \u010di Dev\u00ednskej Kobyly, <a href=\"https:\/\/www.dubravka.sk\/sk\/kam-v-dubravke\/volny-cas\/ruksak-na-plece\/sitina.html\" target=\"_blank\" rel=\"noreferrer noopener\">Sitinsk\u00fd les<\/a> je pre mnoh\u00fdch e\u0161te st\u00e1le nepoznan\u00e1 lokalita. V skuto\u010dnosti sa v\u0161ak jedn\u00e1 o kr\u00e1sny lesn\u00fd hrebe\u0148 s najvy\u0161\u0161\u00edm vrcholom, Nad Sitinou, vo v\u00fd\u0161ke 264 m.n.m. Miestami rozpr\u00e1vkovo hust\u00fd les s vojensk\u00fdmi bunkrami z 1. Svetovej vojny dnes prep\u00e1ja D\u00fabravku, Karlovu Ves a Star\u00e9 Grunty. Les Sitina je charakteristick\u00fd strm\u00fdmi st\u00fapaniami ako z v\u00fdchodnej, tak zo z\u00e1padnej strany. Pr\u00e1ve tieto st\u00fapania bude musie\u0165 zdola\u0165 bud\u00faci Kr\u00e1\u013e a Kr\u00e1\u013eovn\u00e1 Sitinsk\u00e9ho lesa! <\/p>\n\n\n\n<p>Pre kr\u00e1\u013ea ako aj kr\u00e1\u013eovn\u00fa je prioritou prosperita jeho kr\u00e1\u013eovstva. V tomto pr\u00edpade je to les Sitina spolu s jeho bl\u00edzkymi obyvate\u013emi. My to vieme a pr\u00e1ve preto m\u00e1 toto podujatie mimo \u0161portov\u00e9ho aj dobro\u010dinn\u00fd rozmer. <\/p>\n","protected":false},"excerpt":{"rendered":"<p>Dlhodobo v tieni \u017deleznej studni\u010dky \u010di Dev\u00ednskej Kobyly, Sitinsk\u00fd les je pre mnoh\u00fdch e\u0161te st\u00e1le nepoznan\u00e1 lokalita. V skuto\u010dnosti sa v\u0161ak jedn\u00e1 o kr\u00e1sny lesn\u00fd hrebe\u0148 s najvy\u0161\u0161\u00edm vrcholom, Nad Sitinou, vo v\u00fd\u0161ke 264 m.n.m. Miestami rozpr\u00e1vkovo hust\u00fd les s vojensk\u00fdmi bunkrami z 1. Svetovej vojny dnes prep\u00e1ja D\u00fabravku, Karlovu Ves a Star\u00e9 Grunty. Les &hellip; <\/p>\n<p class=\"link-more\"><a href=\"https:\/\/www.sitinskybeh.sk\/\" class=\"more-link\">Pokra\u010dova\u0165 v \u010d\u00edtan\u00ed<span class=\"screen-reader-text\"> &#8222;Koruna Sitinsk\u00e9ho lesa&#8220;<\/span><\/a><\/p>\n","protected":false},"author":1,"featured_media":0,"parent":0,"menu_order":0,"comment_status":"closed","ping_status":"closed","template":"","meta":{"footnotes":""},"class_list":["post-28","page","type-page","status-publish","hentry"],"_links":{"self":[{"href":"https:\/\/www.sitinskybeh.sk\/index.php\/wp-json\/wp\/v2\/pages\/28","targetHints":{"allow":["GET"]}}],"collection":[{"href":"https:\/\/www.sitinskybeh.sk\/index.php\/wp-json\/wp\/v2\/pages"}],"about":[{"href":"https:\/\/www.sitinskybeh.sk\/index.php\/wp-json\/wp\/v2\/types\/page"}],"author":[{"embeddable":true,"href":"https:\/\/www.sitinskybeh.sk\/index.php\/wp-json\/wp\/v2\/users\/1"}],"replies":[{"embeddable":true,"href":"https:\/\/www.sitinskybeh.sk\/index.php\/wp-json\/wp\/v2\/comments?post=28"}],"version-history":[{"count":5,"href":"https:\/\/www.sitinskybeh.sk\/index.php\/wp-json\/wp\/v2\/pages\/28\/revisions"}],"predecessor-version":[{"id":443,"href":"https:\/\/www.sitinskybeh.sk\/index.php\/wp-json\/wp\/v2\/pages\/28\/revisions\/443"}],"wp:attachment":[{"href":"https:\/\/www.sitinskybeh.sk\/index.php\/wp-json\/wp\/v2\/media?parent=28"}],"curies":[{"name":"wp","href":"https:\/\/api.w.org\/{rel}","templated":true}]}}