{"id":146,"date":"2020-02-17T13:21:10","date_gmt":"2020-02-17T13:21:10","guid":{"rendered":"https:\/\/demosites.io\/fitness-gb\/?page_id=146"},"modified":"2025-11-06T10:06:19","modified_gmt":"2025-11-06T10:06:19","slug":"a5213-contact","status":"publish","type":"page","link":"https:\/\/www.sitinskybeh.sk\/index.php\/a5213-contact\/","title":{"rendered":"Kontakt"},"content":{"rendered":"<div class=\"wp-block-image\">\n<figure class=\"alignright size-full is-resized\"><img loading=\"lazy\" decoding=\"async\" width=\"500\" height=\"500\" src=\"https:\/\/www.sitinskybeh.sk\/wp-content\/uploads\/2022\/12\/Priatelia-sitinskeho-lesa.png\" alt=\"\" class=\"wp-image-400\" style=\"width:138px;height:138px\" srcset=\"https:\/\/www.sitinskybeh.sk\/wp-content\/uploads\/2022\/12\/Priatelia-sitinskeho-lesa.png 500w, https:\/\/www.sitinskybeh.sk\/wp-content\/uploads\/2022\/12\/Priatelia-sitinskeho-lesa-300x300.png 300w, https:\/\/www.sitinskybeh.sk\/wp-content\/uploads\/2022\/12\/Priatelia-sitinskeho-lesa-150x150.png 150w, https:\/\/www.sitinskybeh.sk\/wp-content\/uploads\/2022\/12\/Priatelia-sitinskeho-lesa-100x100.png 100w\" sizes=\"auto, (max-width: 500px) 100vw, 500px\" \/><\/figure><\/div>\n\n\n<p><strong>OZ Priatelia Sitinsk\u00e9ho lesa<\/strong> <br>Polianky 3628\/7F<br>84101 <br>Bratislava<\/p>\n\n\n\n<p>Email: sitinskybeh@gmail.com <\/p>\n\n\n\n<p><em>Podujatie Koruna Sitinsk\u00e9ho lesa bolo podporen\u00e9 mestskou \u010das\u0165ou Bratislava-Karlova\u00a0 Ves.<\/em><\/p>\n","protected":false},"excerpt":{"rendered":"<p>OZ Priatelia Sitinsk\u00e9ho lesa Polianky 3628\/7F84101 Bratislava Email: sitinskybeh@gmail.com Podujatie Koruna Sitinsk\u00e9ho lesa bolo podporen\u00e9 mestskou \u010das\u0165ou Bratislava-Karlova\u00a0 Ves.<\/p>\n","protected":false},"author":1,"featured_media":322,"parent":0,"menu_order":0,"comment_status":"closed","ping_status":"closed","template":"","meta":{"footnotes":""},"class_list":["post-146","page","type-page","status-publish","has-post-thumbnail","hentry"],"_links":{"self":[{"href":"https:\/\/www.sitinskybeh.sk\/index.php\/wp-json\/wp\/v2\/pages\/146","targetHints":{"allow":["GET"]}}],"collection":[{"href":"https:\/\/www.sitinskybeh.sk\/index.php\/wp-json\/wp\/v2\/pages"}],"about":[{"href":"https:\/\/www.sitinskybeh.sk\/index.php\/wp-json\/wp\/v2\/types\/page"}],"author":[{"embeddable":true,"href":"https:\/\/www.sitinskybeh.sk\/index.php\/wp-json\/wp\/v2\/users\/1"}],"replies":[{"embeddable":true,"href":"https:\/\/www.sitinskybeh.sk\/index.php\/wp-json\/wp\/v2\/comments?post=146"}],"version-history":[{"count":8,"href":"https:\/\/www.sitinskybeh.sk\/index.php\/wp-json\/wp\/v2\/pages\/146\/revisions"}],"predecessor-version":[{"id":644,"href":"https:\/\/www.sitinskybeh.sk\/index.php\/wp-json\/wp\/v2\/pages\/146\/revisions\/644"}],"wp:featuredmedia":[{"embeddable":true,"href":"https:\/\/www.sitinskybeh.sk\/index.php\/wp-json\/wp\/v2\/media\/322"}],"wp:attachment":[{"href":"https:\/\/www.sitinskybeh.sk\/index.php\/wp-json\/wp\/v2\/media?parent=146"}],"curies":[{"name":"wp","href":"https:\/\/api.w.org\/{rel}","templated":true}]}}